8?
23
What is the remainder when 18453 is divided by 161?
99
What is the remainder when 5575 is divided by 16?
7
Calculate the remainder when 30356 is divided by 97.
92
What is the remainder when 1125 is divided by 236?
181
What is the remainder when 188253 is divided by 226?
221
What is the remainder when 28520 is divided by 11?
8
Calculate the remainder when 162987 is divided by 6.
3
Calculate the remainder when 22453 is divided by 1001.
431
What is the remainder when 60856 is divided by 1193?
13
What is the remainder when 50493 is divided by 1122?
3
Calculate the remainder when 2970 is divided by 485.
60
Calculate the remainder when 42173 is divided by 23.
14
What is the remainder when 32881 is divided by 5?
1
Calculate the remainder when 202478 is divided by 20.
18
What is the remainder when 9856 is divided by 137?
129
What is the remainder when 54929 is divided by 242?
237
Calculate the remainder when 144528 is divided by 144524.
4
Calculate the remainder when 215980 is divided by 791.
37
Calculate the remainder when 13682 is divided by 74.
66
What is the remainder when 1062714 is divided by 531357?
0
What is the remainder when 47019 is divided by 32?
11
What is the remainder when 20532 is divided by 308?
204
What is the remainder when 20288 is divided by 137?
12
What is the remainder when 15445 is divided by 55?
45
Calculate the remainder when 5933 is divided by 1176.
53
What is the remainder when 62717 is divided by 62687?
30
What is the remainder when 2256 is divided by 17?
12
What is the remainder when 3699 is divided by 1737?
225
What is the remainder when 1213 is divided by 1209?
4
Calculate the remainder when 14406 is divided by 27.
15
Calculate the remainder when 45724 is divided by 437.
276
What is the remainder when 9871 is divided by 496?
447
What is the remainder when 30583 is divided by 1329?
16
Calculate the remainder when 100197 is divided by 600.
597
Calculate the remainder when 1106097 is divided by 60.
57
Calculate the remainder when 13185 is divided by 250.
185
Calculate the remainder when 5369 is divided by 1339.
13
What is the remainder when 2025303 is divided by 19?
17
Calculate the remainder when 249270 is divided by 61.
24
What is the remainder when 509 is divided by 142?
83
Calculate the remainder when 10687 is divided by 535.
522
Calculate the remainder when 75696 is divided by 37813.
70
What is the remainder when 4160 is divided by 169?
104
Calculate the remainder when 19058 is divided by 9525.
8
Calculate the remainder when 46830 is divided by 9.
3
What is the remainder when 22777 is divided by 54?
43
Calculate the remainder when 12595 is divided by 361.
321
What is the remainder when 387044 is divided by 27646?
0
Calculate the remainder when 37074 is divided by 158.
102
Calculate the remainder when 45079 is divided by 45010.
69
What is the remainder when 2505359 is divided by 390?
389
Calculate the remainder when 22378 is divided by 659.
631
Calculate the remainder when 31320 is divided by 6.
0
What is the remainder when 55683 is divided by 43?
41
What is the remainder when 33020 is divided by 649?
570
Calculate the remainder when 460651 is divided by 33.
4
Calculate the remainder when 297205 is divided by 994.
993
What is the remainder when 73027 is divided by 477?
46
What is the remainder when 167024 is divided by 149?
144
What is the remainder when 939 is divided by 356?
227
What is the remainder when 3805 is divided by 1250?
55
What is the remainder when 13114 is divided by 124?
94
Calculate the remainder when 2058 is divided by 27.
6
What is the remainder when 34461 is divided by 1275?
36
Calculate the remainder when 117336 is divided by 508.
496
Calculate the remainder when 1343 is divided by 133.
13
Calculate the remainder when 622 is divided by 236.
150
Calculate the remainder when 37623 is divided by 1567.
15
Calculate the remainder when 61808 is divided by 331.
242
What is the remainder when 91335 is divided by 153?
147
What is the remainder when 5358 is divided by 625?
358
What is the remainder when 1238 is divided by 165?
83
Calculate the remainder when 22252 is divided by 1859.
1803
Calculate the remainder when 175312 is divided by 13.
7
Calculate the remainder when 46234 is divided by 7703.
16
Calculate the remainder when 2663 is divided by 5.
3
What is the remainder when 36457 is divided by 1519?
1
Calculate the remainder when 383 is divided by 342.
41
What is the remainder when 205843 is divided by 62?
3
What is the remainder when 302366 is divided by 83?
80
What is the remainder when 59112 is divided by 2812?
60
Calculate the remainder when 9964 is divided by 3312.
28
Calculate the remainder when 80189 is divided by 18.
17
Calculate the remainder when 15116 is divided by 106.
64
Calculate the remainder when 1449 is divided by 335.
109
What is the remainder when 31124 is divided by 17?
14
Calculate the remainder when 77254 is divided by 2032.
38
What is the remainder when 21915 is divided by 1566?
1557
What is the remainder when 2482 is divided by 417?
397
Calculate the remainder when 32671 is divided by 63.
37
What is the remainder when 90 is divided by 34?
22
What is the remainder when 376424 is divided by 376417?
7
What is the remainder when 1656 is divided by 415?
411
What is the remainder when 6384 is divided by 2124?
12
What is the remainder when 7688 is divided by 3?
2
Calculate the remainder when 45778 is divided by 9.
4
What is the remainder when 3868 is divided by 151?
93
What is the remainder when 724 is divided by 607?
117
What is the remainder when 269 is divided by 235?
34
What is the remainder when 74 is divided by 9?
2
What is the remainder when 1457 is divided by 79?
35
What is the remainder when 16931 is divided by 1302?
5
Calculate the remainder when 7637 is divided by 48.
5
What is the remainder when 11290 is divided by 739?
205
What is the remainder when 46103 is divided by 339?
338
Calculate the remainder when 3044 is divided by 555.
269
What is the remainder when 3914 is divided by 150?
14
Calculate the remainder when 56526 is divided by 673.
667
Calculate the remainder when 1158638 is divided by 35.
33
Calculate the remainder when 4334 is divided by 435.
419
Calculate the remainder when 115897 is divided by 76.
73
What is the remainder when 28763 is divided by 687?
596
What is the remainder when 302536 is divided by 157?
154
What is the remainder when 21501 is divided by 336?
333
Calculate the remainder when 123006 is divided by 249.
0
Calculate the remainder when 976 is divided by 564.
412
What is the remainder when 72821 is divided by 61?
48
Calculate the remainder when 6778 is divided by 21.
16
Calculate the remainder when 166073 is divided by 311.
310
What is the remainder when 5884 is divided by 108?
52
What is the remainder when 424 is divided by 387?
37
What is the remainder when 22040 is divided by 15?
5
What is the remainder when 7888 is divided by 586?
270
Calculate the remainder when 1037491 is divided by 933.
928
Calculate the remainder when 17634 is divided by 567.
57
What is the remainder when 4314 is divided by 1118?
960
Calculate the remainder when 663 is divided by 469.
194
What is the remainder when 2045 is divided by 38?
31
Calculate the remainder when 8607 is divided by 2858.
33
What is the remainder when 2010 is divided by 661?
27
What is the remainder when 758 is divided by 304?
150
What is the remainder when 13439 is divided by 22?
19
Calculate the remainder when 1693 is divided by 429.
406
Calculate the remainder when 3551 is divided by 863.
99
What is the remainder when 50742 is divided by 139?
7
Calculate the remainder when 46102 is divided by 34.
32
What is the remainder when 4578 is divided by 44?
2
Calculate the remainder when 212480 is divided by 17.
14
Calculate the remainder when 49799 is divided by 513.
38
Calculate the remainder when 5011 is divided by 272.
115
Calculate the remainder when 16110 is divided by 199.
190
Calculate the remainder when 191049 is divided by 1990.
9
Calculate the remainder when 149574 is divided by 596.
574
Calculate the remainder when 827 is divided by 415.
412
What is the remainder when 18506 is divided by 1359?
839
What is the remainder when 698706 is divided by 1020?
6
What is the remainder when 83593 i